nd 5.
5
Let u be -4*(-4 - 65/20) + -1. What is the greatest common divisor of 154 and u?
14
Suppose 0 = 2*f + m + 2*m - 33, -2*f + 34 = 2*m. Let u(t) = 11*t + 11. Let w be u(8). Suppose 369 = 5*x + w. Calculate the highest common divisor of x and f.
18
Suppose -6*q + 130 = -q - 2*c, -q = 4*c - 4. What is the highest common factor of 24 and q?
24
Let t(q) = q**3 - 11*q**2 - 11*q - 11. Let b(c) = c**3 + 3*c - 2. Let d be b(2). Let m be t(d). What is the highest common factor of m and 11?
1
Let n(f) = -7*f - 1. Let l be n(-3). Suppose 0 = -5*t + 29 + 31. Suppose l = -6*g + g, -3*x + t = 3*g. What is the greatest common divisor of x and 8?
8
Let i be (-3*6/36)/((-1)/102). What is the highest common factor of 34 and i?
17
Let m(w) = -w**2 - 9*w - 4. Let r be m(-7). Suppose 5*v = 4*g + 42, 7*g = v + 4*g - 4. Calculate the highest common divisor of r and v.
10
Suppose 3*p + 2*j - j = 29, 5*j = -5*p + 45. What is the highest common divisor of 170 and p?
10
Suppose 0 = 2*s - 5*b - 5, 2*b + 2*b = -2*s - 4. Let u be s + 2 - 1 - 0. Suppose 0 = 3*h - u - 17. Calculate the highest common divisor of 4 and h.
2
Let q(d) = -d**2 - 5*d - 6. Let o be q(-3). Suppose -2*y + k + 23 = o, k - 1 - 16 = -2*y. What is the greatest common divisor of 4 and y?
2
Let c be 22 + -8 + -1 + -2. Calculate the greatest common divisor of 77 and c.
11
Let i be (1 + 5/(-15))/((-2)/(-33)). Calculate the greatest common factor of i and 77.
11
Let b(h) = 13*h**2 - h - 1. Let m be b(2). Let v = -5 - -9. Suppose v*u - 21 = u. What is the greatest common divisor of u and m?
7
Suppose 7*y = 2*y + 20. Suppose 0*q + 16 = -2*u - 2*q, -u = 2*q + 13. Let x be (1/u)/((-2)/6). Calculate the greatest common factor of x and y.
1
Let o(p) = 10 - 3 - 3*p + 4*p. Let w be o(-5). Suppose 28 = w*y + 6. Calculate the highest common factor of y and 99.
11
Let r be 1 + (9 - -2 - 1). Calculate the greatest common divisor of 33 and r.
11
Suppose -4*t + 20 = 5*i - t, -4 = -i - 3*t. Let f = i + -4. Suppose -3*j + 4*j - 6 = f. Calculate the greatest common divisor of j and 48.
6
Suppose -3*k - 75 = -8*k. Calculate the highest common divisor of 75 and k.
15
Suppose -4*f + 25 = -g - 9*f, f = -3. Let z be 2/g - 279/(-45). Suppose 4 = 2*a - 4*a, 2*q - 22 = 2*a. Calculate the highest common factor of q and z.
3
Let y be 35/15 - 1/3. Suppose 0*w - y*w + 18 = 0. Suppose -5*a + w + 21 = 0. What is the highest common factor of a and 9?
3
Let d = -2 + 12. Let t = 12 + -7. What is the greatest common divisor of d and t?
5
Let y = 20 - 13. Let v be 11/((8/(-14))/(-4)). Calculate the highest common factor of v and y.
7
Let j be 0 + ((-360)/(-2))/3. Calculate the highest common divisor of 12 and j.
12
Let i = -1 + 3. Let w be ((-36)/10)/(i/(-20)). Suppose -3*u + 4 = -2*u. What is the greatest common divisor of u and w?
4
Suppose 2*x - 20 = -2*x. Suppose -s - 229 = -x*b, -2*s - 241 = -5*b + 2*s. Calculate the highest common divisor of 5 and b.
5
Suppose -5*v + 251 = 2*x, -2*v - x - 31 + 131 = 0. Suppose 3*b = z + v, z = 4*b + 2*z - 61. Calculate the greatest common divisor of 32 and b.
16
Let j(c) = 9*c - 24. Let o(a) = a - 3. Let k(z) = 6*j(z) - 51*o(z). Let i be k(12). What is the greatest common divisor of 15 and i?
15
Let f = -184 - -279. What is the greatest common factor of f and 38?
19
Let w(c) = -c**3 - c**2 + 4*c. Let z be w(-3). Let x(s) = -3*s - 4. Let t be x(z). Let q be (3 - -18)/((-3)/t). Calculate the highest common factor of 14 and q.
14
Let o be ((-4)/(-3))/((-6)/(-225)). Suppose -2*w + o = 3*w. What is the highest common divisor of w and 10?
10
Let h(y) = -3*y**2 + 27*y - 12. Let x be h(8). Calculate the greatest common divisor of 3 and x.
3
Let j(o) be the second derivative of -5*o**3/6 + 2*o**2 + 7*o. Let g be j(-4). Calculate the greatest common divisor of g and 36.
12
Let b = -6 - -30. Suppose -66 + b = -2*f. Calculate the highest common factor of f and 14.
7
Suppose -2*a - w + 49 = 10, 0 = -2*a - 4*w + 24. Let j = -8 + a. Calculate the highest common factor of 35 and j.
7
Let s be 14 - 17 - (-146)/2. What is the greatest common divisor of s and 14?
14
Let c(t) = -15*t**3 + 1. Suppose 0*n + 2*n + 2 = 0. Let r be c(n). Calculate the highest common factor of r and 80.
16
Suppose 0 = 2*j - 3*j - 4*c + 3, 5*j - 81 = 2*c. Calculate the greatest common factor of j and 15.
15
Suppose 2*v + 5*i + 9 = 0, -2*v - 3*i - 3 = -0*v. Suppose 24 = 5*m - v*m. Let o be 6/(-21) + (-58)/(-7). What is the highest common factor of m and o?
4
Suppose 4*m = 8, -4*d - m = -3 - 7. Let w be d/13 + 24/13. Suppose -1 = -w*g + 5. Calculate the greatest common factor of 12 and g.
3
Let p be ((-150)/(-12))/(2/44). Calculate the greatest common factor of 25 and p.
25
Let x be 5/2*24/15. Suppose 2*r + 0*y + 2*y = 22, 0 = -x*y - 16. Suppose 5*j - 3*p = j - 3, -3*j + 19 = 2*p. What is the highest common divisor of j and r?
3
Let s(i) = -1 + 7*i - i - 3*i. Let h(d) = d**2 - d - 1. Let u be h(2). Let o be s(u). Calculate the greatest common divisor of o and 10.
2
Let p be 8/5 - 6/(-15). Let o be 2 - (-2 + p) - -2. Suppose -2*v - 16 = -o*v. Calculate the greatest common factor of v and 24.
8
Suppose 0 = -d - o + 7, -5*o + 0*o = 2*d - 11. What is the greatest common factor of d and 88?
8
Let x = 35 + 31. Let s be (-1 - 22)/((-6)/x). What is the highest common factor of s and 23?
23
Let m = 20 + 2. What is the highest common divisor of 242 and m?
22
Let n be 22/(1 + (-1)/2). Let t be 2*(2 - 0/(-1)). Suppose -t*i + 8 = -36. What is the highest common divisor of i and n?
11
Let a(b) = -b**2 - 3*b - 6. Let h be a(5). Let m = h + 66. What is the highest common divisor of 10 and m?
10
Let g be 3/(4/((-224)/12)). Let j be (g/4)/(1/(-58)). Calculate the greatest common factor of 29 and j.
29
Let j = -2 - -9. Let i(q) = -10*q - 7. Let g(y) = -y**2 + y + 5. Let u be g(4). Let z be i(u). Calculate the highest common divisor of j and z.
7
Suppose -5*k + 1 = -19. Let l be 1/((-1)/(-23)) + 0. Suppose -2*c + 67 = 4*y + l, -y = -3*c - k. Calculate the highest common divisor of 25 and y.
5
Let n be ((-14)/6)/((-1)/(-3)). Let m be (-224 + n)*(-4)/6. What is the highest common factor of 22 and m?
22
Let w be 2/10 - (-52)/(-10). Let q = -1 - w. Let h = q + -1. What is the highest common factor of h and 2?
1
Let o = -12 - -38. What is the greatest common divisor of o and 13?
13
Let q be (0 + 5)/(2/6). What is the greatest common divisor of 15 and q?
15
Let x be (-197)/(-2) - (-5)/10. Let r = x - 42. Calculate the greatest common divisor of 38 and r.
19
Suppose 5*v - 27 = 8. What is the highest common divisor of v and 49?
7
Suppose 56 = 2*y - 5*x, 2*x = 4*y + x - 76. Calculate the greatest common divisor of 12 and y.
6
Suppose -5*y + 49 = o, y - 3*o - 15 = 2*o. Suppose -2*g - k = -177, -4*g - 4*k - 282 = -7*g. Calculate the greatest common divisor of g and y.
10
Let p(n) be the second derivative of -5*n**3/6 - 3*n**2/2 + 2*n. Let v be p(-5). What is the greatest common divisor of 242 and v?
22
Suppose 3*w + 67 - 211 = 0. What is the greatest common factor of 12 and w?
12
Suppose -4*k + 2*z + 483 = -641, -k - 4*z = -263. Calculate the highest common divisor of k and 31.
31
Let u = 2 - 0. Suppose 5*n + 45 = -5*w, -u*n - 35 + 5 = 5*w. Let i(t) = -t**3 - 4*t**2 + 2*t - 3. Let q be i(n). What is the highest common divisor of q and 84?
12
Let a be 2*(1 + (-126)/(-4)). Let p(z) = z**2 + 7*z + 5. Let b be p(-8). Calculate the greatest common factor of b and a.
13
Let o be ((-3)/6)/(2/(-220)). Suppose -33 - 19 = -4*l - 4*m, -5*m = 4*l - o. Calculate the greatest common divisor of 25 and l.
5
Let d(m) = m - 7. Let k be d(12). Let q(n) = n**2 + 6*n + 2. Let j be q(-6). What is the highest common divisor of j and k?
1
Let p be 4*4/16 + -20. Let d = 0 - p. Calculate the highest common divisor of d and 171.
19
Suppose -2*m + 4*s = -10 - 12, m = -2*s + 31. Let y = 6 - 1. Suppose -4*k + 7 + y = 0. Calculate the highest common factor of k and m.
3
Let p = -12 + 14. Calculate the greatest common factor of p and 6.
2
Let w = 61 + -64. Let h(u) = 33*u - 1. Let b(a) = -132*a + 3. Let z(d) = 4*b(d) + 15*h(d). Let t be z(w). Calculate the highest common factor of t and 12.
12
Let q(k) = k**3 - 13*k**2 + k - 10. Let v be q(13). What is the highest common factor of v and 33?
3
Let o(u) 